[INFO] cloning repository https://github.com/EssexComputerSociety/brookix-kernel
[INFO] running `Command { std: "git" "-c" "credential.helper=" "-c" "credential.helper=/workspace/cargo-home/bin/git-credential-null" "clone" "--bare" "https://github.com/EssexComputerSociety/brookix-kernel" "/workspace/cache/git-repos/https%3A%2F%2Fgithub.com%2FEssexComputerSociety%2Fbrookix-kernel", kill_on_drop: false }`
[INFO] [stderr] Cloning into bare repository '/workspace/cache/git-repos/https%3A%2F%2Fgithub.com%2FEssexComputerSociety%2Fbrookix-kernel'...
[INFO] running `Command { std: "git" "rev-parse" "HEAD", kill_on_drop: false }`
[INFO] [stdout] ae2eff18ad31d9c429ad20dd3c0be3d25b6a3fb8
[INFO] checking EssexComputerSociety/brookix-kernel against master#9610dfe5a9a731ced1ea4923ecbd0c57fe367898 for beta-170-4
[INFO] running `Command { std: "git" "clone" "/workspace/cache/git-repos/https%3A%2F%2Fgithub.com%2FEssexComputerSociety%2Fbrookix-kernel" "/workspace/builds/worker-5-tc1/source", kill_on_drop: false }`
[INFO] [stderr] Cloning into '/workspace/builds/worker-5-tc1/source'...
[INFO] [stderr] done.
[INFO] validating manifest of git repo https://github.com/EssexComputerSociety/brookix-kernel on toolchain 9610dfe5a9a731ced1ea4923ecbd0c57fe367898
[INFO] running `Command { std: CARGO_HOME="/workspace/cargo-home" RUSTUP_HOME="/workspace/rustup-home" "/workspace/cargo-home/bin/cargo" "+9610dfe5a9a731ced1ea4923ecbd0c57fe367898" "metadata" "--manifest-path" "Cargo.toml" "--no-deps", kill_on_drop: false }`
[INFO] started tweaking git repo https://github.com/EssexComputerSociety/brookix-kernel
[INFO] finished tweaking git repo https://github.com/EssexComputerSociety/brookix-kernel
[INFO] tweaked toml for git repo https://github.com/EssexComputerSociety/brookix-kernel written to /workspace/builds/worker-5-tc1/source/Cargo.toml
[INFO] crate git repo https://github.com/EssexComputerSociety/brookix-kernel already has a lockfile, it will not be regenerated
[INFO] running `Command { std: CARGO_HOME="/workspace/cargo-home" RUSTUP_HOME="/workspace/rustup-home" "/workspace/cargo-home/bin/cargo" "+9610dfe5a9a731ced1ea4923ecbd0c57fe367898" "fetch" "--manifest-path" "Cargo.toml", kill_on_drop: false }`
[INFO] [stderr]     Updating crates.io index
[INFO] [stderr]  Downloading crates ...
[INFO] [stderr]   Downloaded rlibc v1.0.0
[INFO] running `Command { std: "docker" "create" "-v" "/var/lib/crater-agent-workspace/builds/worker-5-tc1/target:/opt/rustwide/target:rw,Z" "-v" "/var/lib/crater-agent-workspace/builds/worker-5-tc1/source:/opt/rustwide/workdir:ro,Z" "-v" "/var/lib/crater-agent-workspace/cargo-home:/opt/rustwide/cargo-home:ro,Z" "-v" "/var/lib/crater-agent-workspace/rustup-home:/opt/rustwide/rustup-home:ro,Z" "-e" "SOURCE_DIR=/opt/rustwide/workdir" "-e" "CARGO_TARGET_DIR=/opt/rustwide/target" "-e" "CARGO_HOME=/opt/rustwide/cargo-home" "-e" "RUSTUP_HOME=/opt/rustwide/rustup-home" "-w" "/opt/rustwide/workdir" "-m" "1610612736" "--user" "0:0" "--network" "none" "ghcr.io/rust-lang/crates-build-env/linux@sha256:19e73879b68f455e41552ea35293514db52ea292d993f571636dbffedb77a1ee" "/opt/rustwide/cargo-home/bin/cargo" "+9610dfe5a9a731ced1ea4923ecbd0c57fe367898" "metadata" "--no-deps" "--format-version=1", kill_on_drop: false }`
[INFO] [stdout] 05456f755d7e58cff66578912c80381f351958f741ebba1e02962db7e6b1c91d
[INFO] running `Command { std: "docker" "start" "-a" "05456f755d7e58cff66578912c80381f351958f741ebba1e02962db7e6b1c91d", kill_on_drop: false }`
[INFO] running `Command { std: "docker" "inspect" "05456f755d7e58cff66578912c80381f351958f741ebba1e02962db7e6b1c91d", kill_on_drop: false }`
[INFO] running `Command { std: "docker" "rm" "-f" "05456f755d7e58cff66578912c80381f351958f741ebba1e02962db7e6b1c91d", kill_on_drop: false }`
[INFO] [stdout] 05456f755d7e58cff66578912c80381f351958f741ebba1e02962db7e6b1c91d
[INFO] running `Command { std: "docker" "create" "-v" "/var/lib/crater-agent-workspace/builds/worker-5-tc1/target:/opt/rustwide/target:rw,Z" "-v" "/var/lib/crater-agent-workspace/builds/worker-5-tc1/source:/opt/rustwide/workdir:ro,Z" "-v" "/var/lib/crater-agent-workspace/cargo-home:/opt/rustwide/cargo-home:ro,Z" "-v" "/var/lib/crater-agent-workspace/rustup-home:/opt/rustwide/rustup-home:ro,Z" "-e" "SOURCE_DIR=/opt/rustwide/workdir" "-e" "CARGO_TARGET_DIR=/opt/rustwide/target" "-e" "CARGO_INCREMENTAL=0" "-e" "RUST_BACKTRACE=full" "-e" "RUSTFLAGS=--cap-lints=forbid" "-e" "RUSTDOCFLAGS=--cap-lints=forbid" "-e" "CARGO_HOME=/opt/rustwide/cargo-home" "-e" "RUSTUP_HOME=/opt/rustwide/rustup-home" "-w" "/opt/rustwide/workdir" "-m" "1610612736" "--user" "0:0" "--network" "none" "ghcr.io/rust-lang/crates-build-env/linux@sha256:19e73879b68f455e41552ea35293514db52ea292d993f571636dbffedb77a1ee" "/opt/rustwide/cargo-home/bin/cargo" "+9610dfe5a9a731ced1ea4923ecbd0c57fe367898" "check" "--frozen" "--all" "--all-targets" "--message-format=json", kill_on_drop: false }`
[INFO] [stdout] 917a4a6bfa60288d3f94e84751e857a6d055f3425b987c396135e98a0ad23855
[INFO] running `Command { std: "docker" "start" "-a" "917a4a6bfa60288d3f94e84751e857a6d055f3425b987c396135e98a0ad23855", kill_on_drop: false }`
[INFO] [stderr]     Checking rlibc v1.0.0
[INFO] [stderr]     Checking ecs_kernel v0.1.0 (/opt/rustwide/workdir)
[INFO] [stdout] error[E0152]: found duplicate lang item `panic_fmt`
[INFO] [stdout]   --> src/lib.rs:24:36
[INFO] [stdout]    |
[INFO] [stdout] 24 | #[lang = "panic_fmt"] #[no_mangle] pub extern fn panic_fmt() -> ! {loop{}}
[INFO] [stdout]    |                                    ^^^^^^^^^^^^^^^^^^^^^^^^^^^^^^
[INFO] [stdout]    |
[INFO] [stdout]    = note: the lang item is first defined in crate `core` (which `ecs_kernel` depends on)
[INFO] [stdout]    = note: first definition in `core` loaded from /opt/rustwide/rustup-home/toolchains/9610dfe5a9a731ced1ea4923ecbd0c57fe367898/lib/rustlib/x86_64-unknown-linux-gnu/lib/libcore-05898138a596088a.rlib
[INFO] [stdout]    = note: second definition in the local crate (`ecs_kernel`)
[INFO] [stdout] 
[INFO] [stdout] 
[INFO] [stdout] error: `#[panic_handler]` function required, but not found
[INFO] [stdout] 
[INFO] [stdout] 
[INFO] [stdout] error: aborting due to 2 previous errors
[INFO] [stdout] 
[INFO] [stdout] 
[INFO] [stdout] For more information about this error, try `rustc --explain E0152`.
[INFO] [stdout] 
[INFO] [stdout] error[E0152]: found duplicate lang item `eh_personality`
[INFO] [stdout]   --> src/lib.rs:23:28
[INFO] [stdout]    |
[INFO] [stdout] 23 | #[lang = "eh_personality"] extern fn eh_personality() {}
[INFO] [stdout]    |                            ^^^^^^^^^^^^^^^^^^^^^^^^^^
[INFO] [stdout]    |
[INFO] [stdout]    = note: the lang item is first defined in crate `std` (which `test` depends on)
[INFO] [stdout]    = note: first definition in `std` loaded from /opt/rustwide/rustup-home/toolchains/9610dfe5a9a731ced1ea4923ecbd0c57fe367898/lib/rustlib/x86_64-unknown-linux-gnu/lib/libstd-a8a9ba95b1228749.rlib
[INFO] [stdout]    = note: second definition in the local crate (`ecs_kernel`)
[INFO] [stdout] 
[INFO] [stdout] 
[INFO] [stdout] error[E0152]: found duplicate lang item `panic_fmt`
[INFO] [stdout]   --> src/lib.rs:24:36
[INFO] [stdout]    |
[INFO] [stdout] 24 | #[lang = "panic_fmt"] #[no_mangle] pub extern fn panic_fmt() -> ! {loop{}}
[INFO] [stdout]    |                                    ^^^^^^^^^^^^^^^^^^^^^^^^^^^^^^
[INFO] [stdout]    |
[INFO] [stdout]    = note: the lang item is first defined in crate `core` (which `ecs_kernel` depends on)
[INFO] [stdout]    = note: first definition in `core` loaded from /opt/rustwide/rustup-home/toolchains/9610dfe5a9a731ced1ea4923ecbd0c57fe367898/lib/rustlib/x86_64-unknown-linux-gnu/lib/libcore-05898138a596088a.rlib
[INFO] [stdout]    = note: second definition in the local crate (`ecs_kernel`)
[INFO] [stdout] 
[INFO] [stdout] 
[INFO] [stdout] error: aborting due to 2 previous errors
[INFO] [stdout] 
[INFO] [stdout] 
[INFO] [stdout] For more information about this error, try `rustc --explain E0152`.
[INFO] [stdout] 
[INFO] [stderr] error: could not compile `ecs_kernel` (lib) due to 3 previous errors
[INFO] [stderr] warning: build failed, waiting for other jobs to finish...
[INFO] [stderr] error: could not compile `ecs_kernel` (lib test) due to 3 previous errors
[INFO] running `Command { std: "docker" "inspect" "917a4a6bfa60288d3f94e84751e857a6d055f3425b987c396135e98a0ad23855", kill_on_drop: false }`
[INFO] running `Command { std: "docker" "rm" "-f" "917a4a6bfa60288d3f94e84751e857a6d055f3425b987c396135e98a0ad23855", kill_on_drop: false }`
[INFO] [stdout] 917a4a6bfa60288d3f94e84751e857a6d055f3425b987c396135e98a0ad23855
